{"id":1234,"date":"2025-10-12T18:00:13","date_gmt":"2025-10-12T17:00:13","guid":{"rendered":"https:\/\/sfs.infosyslab.fr\/?page_id=1234"},"modified":"2026-05-04T12:54:41","modified_gmt":"2026-05-04T11:54:41","slug":"prix-claude-dupuis","status":"publish","type":"page","link":"https:\/\/sfs.infosyslab.fr\/index.php\/prix-claude-dupuis\/","title":{"rendered":"Prix Claude Dupuis"},"content":{"rendered":"\n<p>Prix&nbsp;r\u00e9compensant une communication orale, en fran\u00e7ais, pr\u00e9sent\u00e9e lors des journ\u00e9es de la SFS par un\u2022e jeune docteur\u2022e (ayant soutenu sa th\u00e8se depuis au plus tard deux ans), sur un sujet de syst\u00e9matique issu de ses travaux de th\u00e8se.<\/p>\n\n\n\n<p>Dotation de 400 \u20ac + trois ans d&#8217;adh\u00e9sion. Le jury sera constitu\u00e9 au d\u00e9but des journ\u00e9es. Il est constitu\u00e9 n\u00e9cessairement de membres \u00e0 jour de leur cotisation et comporte obligatoirement au moins un membre du du conseil.<\/p>\n\n\n\n<p><\/p>\n\n\n\n<p><\/p>\n","protected":false},"excerpt":{"rendered":"<p>Prix&nbsp;r\u00e9compensant une communication orale, en fran\u00e7ais, pr\u00e9sent\u00e9e lors des journ\u00e9es de la SFS par un\u2022e jeune docteur\u2022e (ayant soutenu sa th\u00e8se depuis au plus tard deux ans), sur un sujet de syst\u00e9matique issu de ses travaux de th\u00e8se. Dotation de 400 \u20ac + trois ans d&#8217;adh\u00e9sion. Le jury sera constitu\u00e9 au d\u00e9but des journ\u00e9es. Il [&hellip;]<\/p>\n","protected":false},"author":1,"featured_media":0,"parent":0,"menu_order":0,"comment_status":"closed","ping_status":"closed","template":"","meta":{"_monsterinsights_skip_tracking":false,"_monsterinsights_sitenote_active":false,"_monsterinsights_sitenote_note":"","_monsterinsights_sitenote_category":0,"footnotes":""},"class_list":["post-1234","page","type-page","status-publish","hentry"],"_links":{"self":[{"href":"https:\/\/sfs.infosyslab.fr\/index.php\/wp-json\/wp\/v2\/pages\/1234","targetHints":{"allow":["GET"]}}],"collection":[{"href":"https:\/\/sfs.infosyslab.fr\/index.php\/wp-json\/wp\/v2\/pages"}],"about":[{"href":"https:\/\/sfs.infosyslab.fr\/index.php\/wp-json\/wp\/v2\/types\/page"}],"author":[{"embeddable":true,"href":"https:\/\/sfs.infosyslab.fr\/index.php\/wp-json\/wp\/v2\/users\/1"}],"replies":[{"embeddable":true,"href":"https:\/\/sfs.infosyslab.fr\/index.php\/wp-json\/wp\/v2\/comments?post=1234"}],"version-history":[{"count":4,"href":"https:\/\/sfs.infosyslab.fr\/index.php\/wp-json\/wp\/v2\/pages\/1234\/revisions"}],"predecessor-version":[{"id":1379,"href":"https:\/\/sfs.infosyslab.fr\/index.php\/wp-json\/wp\/v2\/pages\/1234\/revisions\/1379"}],"wp:attachment":[{"href":"https:\/\/sfs.infosyslab.fr\/index.php\/wp-json\/wp\/v2\/media?parent=1234"}],"curies":[{"name":"wp","href":"https:\/\/api.w.org\/{rel}","templated":true}]}}