{"id":61,"date":"2015-07-27T22:36:09","date_gmt":"2015-07-27T21:36:09","guid":{"rendered":"http:\/\/sfs.snv.jussieu.fr\/\/?page_id=61"},"modified":"2016-07-11T14:13:48","modified_gmt":"2016-07-11T13:13:48","slug":"livre-blanc-de-la-systematique","status":"publish","type":"page","link":"https:\/\/sfs.infosyslab.fr\/index.php\/livre-blanc-de-la-systematique\/","title":{"rendered":"Livre blanc de la Syst\u00e9matique"},"content":{"rendered":"<p>Soci\u00e9t\u00e9 Fran\u00e7aise de Syst\u00e9matique, 1989.<\/p>\n<div class=\"clear-block\">\n<div id=\"node-9\" class=\"node\">\n<div class=\"content clear-block\">\n<p><a href=\"http:\/\/sfs.snv.jussieu.fr\/wp-content\/uploads\/2015\/07\/Livre_Blanc_Systematique.pdf\">PDF<\/a><\/p>\n<\/div>\n<div class=\"clear-block\"><\/div>\n<\/div>\n<\/div>\n","protected":false},"excerpt":{"rendered":"<p>Soci\u00e9t\u00e9 Fran\u00e7aise de Syst\u00e9matique, 1989. PDF<\/p>\n","protected":false},"author":1,"featured_media":0,"parent":0,"menu_order":0,"comment_status":"closed","ping_status":"open","template":"","meta":{"_monsterinsights_skip_tracking":false,"_monsterinsights_sitenote_active":false,"_monsterinsights_sitenote_note":"","_monsterinsights_sitenote_category":0,"footnotes":""},"class_list":["post-61","page","type-page","status-publish","hentry"],"_links":{"self":[{"href":"https:\/\/sfs.infosyslab.fr\/index.php\/wp-json\/wp\/v2\/pages\/61","targetHints":{"allow":["GET"]}}],"collection":[{"href":"https:\/\/sfs.infosyslab.fr\/index.php\/wp-json\/wp\/v2\/pages"}],"about":[{"href":"https:\/\/sfs.infosyslab.fr\/index.php\/wp-json\/wp\/v2\/types\/page"}],"author":[{"embeddable":true,"href":"https:\/\/sfs.infosyslab.fr\/index.php\/wp-json\/wp\/v2\/users\/1"}],"replies":[{"embeddable":true,"href":"https:\/\/sfs.infosyslab.fr\/index.php\/wp-json\/wp\/v2\/comments?post=61"}],"version-history":[{"count":3,"href":"https:\/\/sfs.infosyslab.fr\/index.php\/wp-json\/wp\/v2\/pages\/61\/revisions"}],"predecessor-version":[{"id":266,"href":"https:\/\/sfs.infosyslab.fr\/index.php\/wp-json\/wp\/v2\/pages\/61\/revisions\/266"}],"wp:attachment":[{"href":"https:\/\/sfs.infosyslab.fr\/index.php\/wp-json\/wp\/v2\/media?parent=61"}],"curies":[{"name":"wp","href":"https:\/\/api.w.org\/{rel}","templated":true}]}}